prime?
True
Is 13859 prime?
True
Is 12739 a composite number?
False
Is 8843 prime?
False
Is 15689 a prime number?
False
Is 106531 a prime number?
True
Is 228677 composite?
False
Is 49291 a composite number?
True
Is 1302901 composite?
False
Is 22901 composite?
False
Is 4647983 a composite number?
True
Is 13379 a prime number?
False
Is 6169 composite?
True
Is 135537 prime?
False
Is 32251 composite?
False
Is 56659 composite?
False
Is 174019 composite?
False
Is 127567 prime?
False
Is 7737 a composite number?
True
Is 1885159 a composite number?
False
Is 16309 a composite number?
True
Is 9382 prime?
False
Is 417793 composite?
False
Is 28115 a prime number?
False
Is 236107 a prime number?
True
Is 203 composite?
True
Is 7723 prime?
True
Is 381911 a composite number?
False
Is 31 a prime number?
True
Is 4667 a composite number?
True
Is 71503 prime?
True
Is 1253 prime?
False
Is 33094 prime?
False
Is 65883 a composite number?
True
Is 1717 prime?
False
Is 13829 a composite number?
False
Is 1615127 a prime number?
False
Is 24247 a composite number?
False
Is 27933 a prime number?
False
Is 7057 composite?
False
Is 98689 a prime number?
True
Is 60821 a composite number?
False
Is 3239 prime?
False
Is 13487 a prime number?
True
Is 1112015 composite?
True
Is 22259 a prime number?
True
Is 220973 a prime number?
True
Is 242803 prime?
False
Is 581843 composite?
False
Is 216751 a prime number?
True
Is 13607 composite?
True
Is 13463 composite?
False
Is 4265 a prime number?
False
Is 911 a composite number?
False
Is 17291 a composite number?
False
Is 70373 a prime number?
True
Is 20861 a prime number?
False
Is 12431 a composite number?
True
Is 518758 a composite number?
True
Is 326891 a composite number?
True
Is 3647 a composite number?
True
Is 6599 a prime number?
True
Is 12473 a composite number?
False
Is 26518 prime?
False
Is 66211 prime?
False
Is 14507 prime?
False
Is 1588427 prime?
False
Is 14591 a composite number?
False
Is 4441 prime?
True
Is 9263 a composite number?
True
Is 4861 composite?
False
Is 9901 a prime number?
True
Is 5839 a prime number?
True
Is 1514 a prime number?
False
Is 86799 a composite number?
True
Is 1393841 a prime number?
False
Is 335 a composite number?
True
Is 78691 a composite number?
False
Is 27857 prime?
False
Is 16811 composite?
False
Is 29651 composite?
True
Is 237619 prime?
True
Is 84893 prime?
False
Is 3163 composite?
False
Is 2285219 a prime number?
True
Is 38401 composite?
True
Is 30299 prime?
False
Is 2100001 prime?
True
Is 23431 a composite number?
False
Is 210379 prime?
False
Is 10169 prime?
True
Is 8509 a prime number?
False
Is 1891099 a prime number?
False
Is 5963 composite?
True
Is 597551 a composite number?
False
Is 11197 prime?
True
Is 199 a composite number?
False
Is 104579 prime?
True
Is 728206 a prime number?
False
Is 221059 a prime number?
True
Is 139381 composite?
True
Is 18299 composite?
True
Is 2579 composite?
False
Is 94865 prime?
False
Is 260593 prime?
False
Is 3463 prime?
True
Is 78493 composite?
True
Is 119423 a composite number?
True
Is 253717 a prime number?
True
Is 3389 composite?
False
Is 900686 composite?
True
Is 354829 composite?
False
Is 13319 a composite number?
True
Is 18545 a prime number?
False
Is 13499 a prime number?
True
Is 27994 a prime number?
False
Is 5923 a composite number?
False
Is 857343 prime?
False
Is 2995 a prime number?
False
Is 343963 a composite number?
False
Is 643403 composite?
False
Is 998 a prime number?
False
Is 1007 composite?
True
Is 343699 composite?
True
Is 141 prime?
False
Is 23603 a prime number?
True
Is 70351 a composite number?
False
Is 6163 prime?
True
Is 109273 a prime number?
False
Is 70051 a composite number?
False
Is 5311 a composite number?
True
Is 111263 a composite number?
False
Is 17086 a composite number?
True
Is 1655 a prime number?
False
Is 33791 prime?
True
Is 4803 a composite number?
True
Is 1632307 composite?
False
Is 110077 composite?
True
Is 2134073 a composite number?
False
Is 984733 a prime number?
True
Is 115129 composite?
True
Is 15493 a prime number?
True
Is 100939 composite?
True
Is 3691 composite?
False
Is 1887797 a prime number?
True
Is 251723 prime?
False
Is 555461 prime?
True
Is 24601 a composite number?
True
Is 473 a prime number?
False
Is 999863 composite?
False
Is 953573 composite?
True
Is 256249 prime?
False
Is 120503 prime?
True
Is 80989 composite?
False
Is 8781 composite?
True
Is 1411243 composite?
False
Is 6779 a prime number?
True
Is 3957 a prime number?
False
Is 15109 a prime number?
False
Is 42919 composite?
True
Is 1363 composite?
True
Is 797 a composite number?
False
Is 49319 prime?
False
Is 409 composite?
False
Is 11905 composite?
True
Is 200771 composite?
False
Is 310207 a prime number?
False
Is 140717 a prime number?
True
Is 84299 composite?
False
Is 38507 composite?
True
Is 57839 composite?
False
Is 1370891 a prime number?
True
Is 889 a prime number?
False
Is 23917 composite?
False
Is 33739 a composite number?
False
Is 46229 prime?
True
Is 26327 a prime number?
False
Is 1955409 a composite number?
True
Is 1793 a prime number?
False
Is 1511495 composite?
True
Is 280201 composite?
True
Is 129379 composite?
False
Is 2474 a prime number?
False
Is 219119 a composite number?
False
Is 631 a composite number?
False
Is 7699 a composite number?
False
Is 27505 a prime number?
False
Is 41711 a composite number?
True
Is 1733543 prime?
False
Is 242357 prime?
True
Is 68342 a composite number?
True
Is 14923 composite?
False
Is 89381 composite?
False
Is 196671 a composite number?
True
Is 18982 prime?
False
Is 2099 a composite number?
False
Is 2393 a composite number?
False
Is 15683 prime?
True
Is 1211401 composite?
True
Is 7283 a composite number?
False
Is 64661 composite?
False
Is 20477 prime?
True
Is 2528899 a prime number?
True
Is 190607 prime?
True
Is 13323 a composite number?
True
Is 190041 prime?
False
Is 841 composite?
True
Is 98837 a prime number?
True
Is 2361 composite?
True
Is 2989271 a composite number?
False
Is 12761 a prime number?
False
Is 82261 composite?
False
Is 4169 a composite number?
True
Is 10771 composite?
False
Is 3587 composite?
True
Is 568749 composite?
True
Is 19739 a prime number?
True
Is 95293 prime?
False
Is 434951 composite?
True
Is 781 prime?
False
Is 489595 a composite number?
True
Is 215051 prime?
True
Is 84449 composite?
False
Is 3713 composite?
True
Is 23017 composite?
False
Is 29399 prime?
True
Is 1284823 a prime number?
True
Is 21547 a prime number?
False
Is 630398 prime?
False
Is 4321 a composite number?
True
Is 4177 a composite number?
False
Is 3194 a prime number?
False
Is 6269 a prime number?
True
Is 85381 prime?
True
Is 1635703 a composite number?
False
Is 57467 a prime number?
True
Is 2218897 prime?
True
Is 5953 a composite number?
False
Is 117001 composite?
True
Is 2386 prime?
False
Is 63949 a prime number?
True
Is 59093 prime?
True
Is 515477 a composite number?
False
Is 19139 a prime number?
True
Is 49481 composite?
False
Is 1064783 a prime number?
True
Is 3584353 a composite number?
False
Is 40151 composite?
False
Is 16145 composite?
True
Is 23083 prime?
False
Is 295861 a prime number?
True
Is 938183 prime?
True
Is 294506 prime?
False
Is 1073 prime?
False
Is 4721 a prime number?
True
Is 46993 a composite number?
False
Is 321 composite?
True
Is 170603 prime?
True
Is 403 a composite number?
True
Is 106 prime?
False
Is 30631 a prime number?
True
Is 74553 a prime number?
False
Is 26969 a composite number?
True
Is 55465 prime?
False
Is 57151 a composite number?
True
Is 224194 a composite number?
True
Is 5567 composite?
True
Is 85273 prime?
False
Is 236947 composite?
False
Is 1697867 prime?
True
Is 24469 composite?
False
Is 90583 prime?
True
Is 15109 a composite number?
True
Is 414905 prime?
False
Is 212369 a prime number?
True
Is 1205231 prime?
True
Is 95117 a prime number?
False
Is 22391 prime?
True
Is 2359 composite?
True
Is 28739 composite?
True
Is 11411 composite?
False
Is 248231 prime?
True
Is 143909 a composite number?
False
Is 650837 a prime number?
False
Is 38989 a composite number?
True
Is 28879 composite?
False
Is 116837 composite?
True
Is 66523 prime?
True
Is 953 prime?
True
Is 64217 a composite number?
False
Is 32729 a composite number?
True
Is 631 a composite number?
False
Is 4791 a prime n